s divided by 3178.
392
Calculate the remainder when 910365 is divided by 696.
693
What is the remainder when 327 is divided by 82?
81
What is the remainder when 7710 is divided by 243?
177
Calculate the remainder when 2692 is divided by 651.
88
Calculate the remainder when 85510 is divided by 42746.
18
Calculate the remainder when 2953 is divided by 2882.
71
Calculate the remainder when 6789 is divided by 3283.
223
What is the remainder when 95293 is divided by 365?
28
What is the remainder when 6485 is divided by 34?
25
What is the remainder when 365036 is divided by 312?
308
What is the remainder when 204207 is divided by 53?
51
What is the remainder when 678297 is divided by 14?
11
What is the remainder when 354288 is divided by 14?
4
Calculate the remainder when 3973 is divided by 286.
255
What is the remainder when 1177 is divided by 171?
151
Calculate the remainder when 16570 is divided by 74.
68
Calculate the remainder when 63807 is divided by 709.
706
What is the remainder when 592026 is divided by 9?
6
What is the remainder when 73718 is divided by 48?
38
What is the remainder when 31891 is divided by 550?
541
Calculate the remainder when 84245 is divided by 1296.
5
What is the remainder when 17204 is divided by 13?
5
Calculate the remainder when 272463 is divided by 521.
501
Calculate the remainder when 379392 is divided by 126438.
78
Calculate the remainder when 7438 is divided by 7412.
26
Calculate the remainder when 37502 is divided by 21.
17
Calculate the remainder when 911 is divided by 434.
43
Calculate the remainder when 170702 is divided by 14225.
2
Calculate the remainder when 1497 is divided by 903.
594
What is the remainder when 4197 is divided by 1383?
48
Calculate the remainder when 34776 is divided by 11573.
57
Calculate the remainder when 83486 is divided by 363.
359
Calculate the remainder when 380 is divided by 317.
63
Calculate the remainder when 12881 is divided by 517.
473
Calculate the remainder when 126227 is divided by 228.
143
What is the remainder when 64987 is divided by 21653?
28
Calculate the remainder when 337736 is divided by 67.
56
Calculate the remainder when 16740 is divided by 41.
12
Calculate the remainder when 594 is divided by 454.
140
Calculate the remainder when 26081 is divided by 54.
53
What is the remainder when 41449 is divided by 50?
49
Calculate the remainder when 33962 is divided by 3.
2
Calculate the remainder when 7194 is divided by 1243.
979
What is the remainder when 244812 is divided by 81599?
15
Calculate the remainder when 37169 is divided by 2654.
13
Calculate the remainder when 153468 is divided by 44.
40
What is the remainder when 33356 is divided by 6669?
11
What is the remainder when 7022 is divided by 83?
50
What is the remainder when 534418 is divided by 12?
10
Calculate the remainder when 15857313 is divided by 549.
546
What is the remainder when 93720 is divided by 515?
505
What is the remainder when 191119 is divided by 29?
9
What is the remainder when 6378 is divided by 425?
3
What is the remainder when 1708976 is divided by 178?
176
What is the remainder when 1629 is divided by 333?
297
Calculate the remainder when 63768 is divided by 26.
16
Calculate the remainder when 789 is divided by 111.
12
What is the remainder when 4501 is divided by 79?
77
Calculate the remainder when 13521 is divided by 950.
221
What is the remainder when 530 is divided by 114?
74
What is the remainder when 2186735 is divided by 53335?
0
What is the remainder when 341964 is divided by 95?
59
Calculate the remainder when 15326 is divided by 511.
507
Calculate the remainder when 201956 is divided by 13.
1
What is the remainder when 399648 is divided by 29?
28
What is the remainder when 13266 is divided by 426?
60
Calculate the remainder when 14117 is divided by 1192.
1005
What is the remainder when 10901578 is divided by 30?
28
Calculate the remainder when 866054 is divided by 58.
56
What is the remainder when 65437 is divided by 148?
21
What is the remainder when 2288 is divided by 556?
64
What is the remainder when 1248658 is divided by 66?
4
Calculate the remainder when 19728 is divided by 286.
280
Calculate the remainder when 24373 is divided by 4061.
7
What is the remainder when 9087 is divided by 1138?
1121
Calculate the remainder when 2934 is divided by 415.
29
What is the remainder when 6741 is divided by 6582?
159
Calculate the remainder when 2102 is divided by 106.
88
What is the remainder when 6618 is divided by 80?
58
Calculate the remainder when 998 is divided by 15.
8
Calculate the remainder when 3393 is divided by 1312.
769
Calculate the remainder when 14821 is divided by 1191.
529
What is the remainder when 272102 is divided by 301?
299
What is the remainder when 14040 is divided by 2807?
5
What is the remainder when 40129 is divided by 49?
47
What is the remainder when 60954 is divided by 98?
96
What is the remainder when 6553 is divided by 44?
41
What is the remainder when 124076 is divided by 39?
17
Calculate the remainder when 209529 is divided by 259.
257
Calculate the remainder when 293508 is divided by 17.
3
Calculate the remainder when 656 is divided by 108.
8
Calculate the remainder when 1724685 is divided by 6.
3
Calculate the remainder when 12261 is divided by 766.
5
What is the remainder when 2946 is divided by 41?
35
Calculate the remainder when 8051 is divided by 3172.
1707
What is the remainder when 19582 is divided by 6173?
1063
Calculate the remainder when 52329 is divided by 13079.
13
Calculate the remainder when 2132 is divided by 101.
11
What is the remainder when 20773 is divided by 5192?
5
What is the remainder when 9353 is divided by 4671?
11
Calculate the remainder when 13630 is divided by 16.
14
What is the remainder when 73016 is divided by 11?
9
What is the remainder when 1888 is divided by 63?
61
What is the remainder when 7236 is divided by 585?
216
Calculate the remainder when 2836 is divided by 469.
22
Calculate the remainder when 2555 is divided by 426.
425
Calculate the remainder when 47087 is divided by 29.
20
What is the remainder when 97140 is divided by 384?
372
What is the remainder when 1306 is divided by 148?
122
Calculate the remainder when 41763 is divided by 2644.
2103
Calculate the remainder when 1196 is divided by 57.
56
Calculate the remainder when 15140 is divided by 7539.
62
What is the remainder when 4102 is divided by 203?
42
Calculate the remainder when 178931 is divided by 3195.
11
Calculate the remainder when 711095 is divided by 13.
8
Calculate the remainder when 39423 is divided by 1071.
867
Calculate the remainder when 814 is divided by 156.
34
Calculate the remainder when 17037 is divided by 683.
645
What is the remainder when 1573 is divided by 23?
9
Calculate the remainder when 9061 is divided by 114.
55
What is the remainder when 2236886 is divided by 745627?
5
What is the remainder when 13494 is divided by 375?
369
Calculate the remainder when 3126 is divided by 89.
11
What is the remainder when 3205 is divided by 44?
37
What is the remainder when 21278 is divided by 179?
156
What is the remainder when 12178 is divided by 63?
19
What is the remainder when 17968 is divided by 417?
37
What is the remainder when 2438 is divided by 133?
44
Calculate the remainder when 86267 is divided by 12321.
20
What is the remainder when 8991 is divided by 8869?
122
Calculate the remainder when 13374 is divided by 13355.
19
What is the remainder when 31131 is divided by 1481?
30
Calculate the remainder when 15190 is divided by 1376.
54
Calculate the remainder when 754416 is divided by 563.
559
Calculate the remainder when 152393 is divided by 123.
119
What is the remainder when 6039 is divided by 354?
21
What is the remainder when 689323 is divided by 35?
33
Calculate the remainder when 8592 is divided by 4253.
86
What is the remainder when 68294 is divided by 76?
46
What is the remainder when 20961 is divided by 228?
213
Calculate the remainder when 75609 is divided by 19.
8
What is the remainder when 1787 is divided by 1761?
26
Calculate the remainder when 1400 is divided by 124.
36
Calculate the remainder when 45213 is divided by 45200.
13
Calculate the remainder when 15930 is divided by 96.
90
Calculate the remainder when 6755 is